{"id":3,"date":"2020-01-12T16:01:49","date_gmt":"2020-01-12T16:01:49","guid":{"rendered":"http:\/\/dephicap.com\/?page_id=3"},"modified":"2020-05-31T15:16:50","modified_gmt":"2020-05-31T15:16:50","slug":"legal","status":"publish","type":"page","link":"https:\/\/dephicap.com\/dev\/legal\/","title":{"rendered":"Mentions L\u00e9gales"},"content":{"rendered":"<div class=\"vce-row-container\"><div class=\"vce-row vce-row--col-gap-80 vce-row-equal-height vce-row-columns--top vce-row-content--top\" data-vce-full-width=\"true\" id=\"el-927473d6\" data-vce-do-apply=\"all el-927473d6\"><div class=\"vce-content-background-container\"><\/div><div class=\"vce-row-content\" data-vce-element-content=\"true\" style=\"padding-left: 163px; padding-right: 163px;\"><div class=\"vce-col vce-col--md-auto vce-col--xs-1 vce-col--xs-last vce-col--xs-first vce-col--sm-last vce-col--sm-first vce-col--md-first vce-col--lg-first vce-col--xl-first\" id=\"el-eb237db8\"><div class=\"vce-col-inner\" data-vce-do-apply=\"border margin background  el-eb237db8\"><div class=\"vce-col-content\" data-vce-element-content=\"true\" data-vce-do-apply=\"padding el-eb237db8\"><div class=\"vce-text-block header_slider\"><div class=\"vce-text-block-wrapper vce\" id=\"el-09ec7c69\" data-vce-do-apply=\"all el-09ec7c69\"><p style=\"font-weight: bold; font-size: 2em; padding: 0px; margin: 0px;\">Dephicap SASU<\/p><div style=\"padding: 0px;\"><em>Est propri\u00e9taire du pr\u00e9sent site<\/em><\/div><div style=\"margin: 0 0 10px 0; font-weight: 600;\">47 RUE DE LA GRAVELLE<br>\r\n91370   VERRIERES LE BUISSON<\/div><div style=\"display: block;\">Siret : 83386764100015<\/div><div style=\"display: block;\">DPO : Aurore Hugon<\/div><div style=\"max-width: 350px; text-align: justify; line-height: 1em; color: #616161 !important;\"><em>Pour toute question relative \u00e0 la vie priv\u00e9e, merci d'adresser un courrier en A\/R \u00e0 l'adresse ci-dessus.<\/em><\/div><\/div><\/div><\/div><\/div><\/div><div class=\"vce-col vce-col--md-auto vce-col--xs-1 vce-col--xs-last vce-col--xs-first vce-col--sm-last vce-col--sm-first vce-col--md-last vce-col--lg-last vce-col--xl-last header_picture\" id=\"el-eb05bcdc\"><div class=\"vce-col-inner\" data-vce-do-apply=\"border margin background  el-eb05bcdc\"><div class=\"vce-content-background-container\"><\/div><div class=\"vce-col-content\" data-vce-element-content=\"true\" data-vce-do-apply=\"padding el-eb05bcdc\"><div class=\"vce-text-block\"><div class=\"vce-text-block-wrapper vce\" id=\"el-81cfbb37\" data-vce-do-apply=\"all el-81cfbb37\"><p>[show_file file=\"https:\/\/ressources.synexta.fr\/mentions_legales_creation\/madeby.php\"]<\/p><\/div><\/div><div class=\"vce-raw-html\"><div class=\"vce-raw-html-wrapper\" id=\"el-63442041\" data-vce-do-apply=\"all el-63442041\"><p style=\"font-weight: 700; font-size: 1.2em; padding: 0px; margin: 20px 0 0 0;\">H\u00e9bergement :<\/p>\n<strong>Contabo GmbH<\/strong><br>\r\nAschauer Stra\u00dfe 32a<br>\r\n81549 Munich Germany<\/div><\/div><\/div><\/div><\/div><\/div><\/div><\/div><div class=\"vce-row-container\"><div class=\"vce-row vce-row--col-gap-30 vce-row-columns--top vce-row-content--top\" id=\"el-5ff7b059\" data-vce-do-apply=\"all el-5ff7b059\"><div class=\"vce-content-background-container\"><\/div><div class=\"vce-row-content\" data-vce-element-content=\"true\"><div class=\"vce-col vce-col--md-auto vce-col--xs-1 vce-col--xs-last vce-col--xs-first vce-col--sm-last vce-col--sm-first vce-col--md-last vce-col--lg-last vce-col--xl-last vce-col--md-first vce-col--lg-first vce-col--xl-first\" id=\"el-224d77f9\"><div class=\"vce-col-inner\" data-vce-do-apply=\"border margin background  el-224d77f9\"><div class=\"vce-col-content\" data-vce-element-content=\"true\" data-vce-do-apply=\"padding el-224d77f9\"><div class=\"vce-text-block\"><div class=\"vce-text-block-wrapper vce\" id=\"el-24b87aaa\" data-vce-do-apply=\"all el-24b87aaa\"><h1 style=\"text-align: center;\">Mentions L\u00e9gales &amp; Vie Priv\u00e9e<\/h1><\/div><\/div><\/div><\/div><\/div><\/div><\/div><\/div><div class=\"vce-row-container\"><div class=\"vce-row vce-row--col-gap-30 vce-row-columns--top vce-row-content--top\" id=\"el-10ff2d6d\" data-vce-do-apply=\"all el-10ff2d6d\"><div class=\"vce-row-content\" data-vce-element-content=\"true\"><div class=\"vce-col vce-col--md-auto vce-col--xs-1 vce-col--xs-last vce-col--xs-first vce-col--sm-last vce-col--sm-first vce-col--md-last vce-col--lg-last vce-col--xl-last vce-col--md-first vce-col--lg-first vce-col--xl-first\" id=\"el-185ffc79\"><div class=\"vce-col-inner\" data-vce-do-apply=\"border margin background  el-185ffc79\"><div class=\"vce-col-content\" data-vce-element-content=\"true\" data-vce-do-apply=\"padding el-185ffc79\"><div class=\"vce-raw-html\"><div class=\"vce-raw-html-wrapper\" id=\"el-4625a77f\" data-vce-do-apply=\"all el-4625a77f\">[show_file file=\"https:\/\/ressources.synexta.fr\/mentions_legales_creation\/mentions_legales.php\"]\n\n<p>[cookie_audit]<\/p>\n<\/div><\/div><\/div><\/div><\/div><\/div><\/div><\/div>\n","protected":false},"excerpt":{"rendered":"<p>Est propri\u00e9taire du pr\u00e9sent siteSiret : DPO : Pour toute question relative \u00e0 la vie priv\u00e9e, merci d&rsquo;adresser un courrier en A\/R \u00e0 l&rsquo;adresse ci-dessus.[show_file file=\u00a0\u00bbhttps:\/\/ressources.synexta.fr\/mentions_legales_creation\/madeby.php\u00a0\u00bb]H\u00e9bergement : Mentions L\u00e9gales &amp; Vie Priv\u00e9e[show_file file=\u00a0\u00bbhttps:\/\/ressources.synexta.fr\/mentions_legales_creation\/mentions_legales.php\u00a0\u00bb]<\/p>\n","protected":false},"author":1,"featured_media":0,"parent":0,"menu_order":0,"comment_status":"closed","ping_status":"closed","template":"template-full-width.php","meta":{"_acf_changed":false,"inline_featured_image":false,"footnotes":""},"class_list":["post-3","page","type-page","status-publish","hentry"],"acf":[],"aioseo_notices":[],"_links":{"self":[{"href":"https:\/\/dephicap.com\/dev\/wp-json\/wp\/v2\/pages\/3","targetHints":{"allow":["GET"]}}],"collection":[{"href":"https:\/\/dephicap.com\/dev\/wp-json\/wp\/v2\/pages"}],"about":[{"href":"https:\/\/dephicap.com\/dev\/wp-json\/wp\/v2\/types\/page"}],"author":[{"embeddable":true,"href":"https:\/\/dephicap.com\/dev\/wp-json\/wp\/v2\/users\/1"}],"replies":[{"embeddable":true,"href":"https:\/\/dephicap.com\/dev\/wp-json\/wp\/v2\/comments?post=3"}],"version-history":[{"count":45,"href":"https:\/\/dephicap.com\/dev\/wp-json\/wp\/v2\/pages\/3\/revisions"}],"predecessor-version":[{"id":220,"href":"https:\/\/dephicap.com\/dev\/wp-json\/wp\/v2\/pages\/3\/revisions\/220"}],"wp:attachment":[{"href":"https:\/\/dephicap.com\/dev\/wp-json\/wp\/v2\/media?parent=3"}],"curies":[{"name":"wp","href":"https:\/\/api.w.org\/{rel}","templated":true}]}}